te the highest common divisor of 408 and l.
24
Let j be 2/(16/266) - 57/(-76). Calculate the greatest common factor of j and 1802.
34
Let h(c) = 14*c + 12. Let z(i) = 7*i + 6. Let r(s) = 4*h(s) - 7*z(s). Let u be r(3). Calculate the highest common divisor of u and 9.
9
Suppose -521*c = -550*c + 29. Suppose -5*r + 5 = 0, 16 = -3*k + 3*r - 14. Let p = -2 - k. Calculate the greatest common factor of p and c.
1
Let b be (-1 - -3 - 2) + 169. Let s = 305 - b. Calculate the highest common factor of 8 and s.
8
Let i be (1 - (-14)/(-8))*-4. Suppose 4*s = -13 + 73. Let y = 21 - s. Calculate the highest common divisor of i and y.
3
Let r be -72*(-12)/(-18)*(-10)/3. Calculate the highest common divisor of 64 and r.
32
Let c = -13 - -12. Let l be 1/(5*c/(-25)). Suppose 0 = -6*j + 2*j + 100. Calculate the greatest common divisor of l and j.
5
Suppose -2*l = -6*l. Let r be -4 - l - -31 - -4. Suppose 6*u - 5 = r. What is the greatest common factor of u and 2?
2
Suppose -5*z + 6 = -459. Suppose -u + 1127 = 4*t + 2*u, 278 = t + 2*u. Let r = 315 - t. What is the greatest common factor of r and z?
31
Suppose 32 = 2*c - 0*c. Let i(n) = -2*n**2 + 34*n + 64. Let r be i(16). Calculate the highest common factor of c and r.
16
Suppose -o - 2*z = -5, 3*o + 8 = 5*o + 5*z. Suppose 5*x + 89 + 27 = 2*c, -3*c + 5*x = -179. Calculate the highest common divisor of o and c.
9
Let k(q) = 31*q - 20. Let s(v) = 10*v - 8. Let w be s(1). Let f be k(w). Calculate the greatest common divisor of f and 147.
21
Let o = -6 - -9. Suppose 0 = o*a - 2 + 59. Let x = a - -37. What is the highest common divisor of x and 45?
9
Suppose -2*h + 34 = -14. Suppose -3*a + h = -0. Let u = 656 - 616. What is the greatest common divisor of u and a?
8
Suppose -3*m + 2 + 4 = 0. Suppose 5*z = -2*o + m*z + 176, -4*z = -5*o + 417. Let a = -45 + o. What is the highest common factor of a and 440?
40
Let o(q) = -q**3 + 46*q**2 + 25*q - 20. Let s be o(46). What is the greatest common divisor of s and 20?
10
Let l(g) = -4*g + 63. Let c be l(0). What is the greatest common divisor of c and 36?
9
Let r = 24 + -21. Suppose 2*p = -r*j + 70, -2*p = 3*p - j - 158. Calculate the highest common factor of p and 96.
32
Let d(b) = -87*b + 806. Let y be d(9). What is the highest common factor of 69 and y?
23
Let v(k) = 12*k**2 + k. Let q be v(-3). Suppose -4180 = -3*g + 23*g. Let n = 251 + g. Calculate the highest common factor of q and n.
21
Let y = 46 - 32. What is the highest common factor of y and 8?
2
Suppose 2*v - 882 = -d - 112, 2*d = -5*v + 1925. What is the greatest common factor of 70 and v?
35
Suppose -4*c = x - 5*x - 116, 5*c - x - 137 = 0. Calculate the highest common factor of c and 99.
9
Suppose 0 = 2*d, -11 = 5*v + d + 9. Let q = v + 48. Let c = 2 + 9. What is the highest common factor of c and q?
11
Let t = -23 + 58. Calculate the greatest common divisor of 14 and t.
7
Let x be 20118/5269 - (9/11 + -1). Calculate the highest common factor of x and 872.
4
Let o(f) = -f**3 - 8*f**2 - 5*f - 32. Let y be o(-8). Let k(n) = 2*n**2 - 6*n + 43. Let q be k(y). Calculate the highest common factor of 82 and q.
41
Let u(l) = l**2 + 9*l + 18. Let a(p) = -p**2 + 2*p - 8. Let v be a(0). Let b be u(v). What is the greatest common factor of b and 50?
10
Suppose 3*a - j - 544 = 0, -a - 3*j + 176 = -2*j. What is the highest common divisor of a and 80?
20
Let q = 74 + -71. Suppose -47 = -2*x - 3*k, 8*k - q*k = 4*x - 127. What is the greatest common factor of x and 8?
4
Let s be (-4)/(-6) + 12/(-18). Let c(i) = i**3 + 5*i**2 - 7*i + 2. Let g be c(-6). Let x = g + s. What is the greatest common divisor of 20 and x?
4
Suppose -4*d + 11*d = 42. Let p be (-36)/(-1 + 2/6). What is the highest common divisor of p and d?
6
Suppose -5*c + 428 = -3*f, -5*c - 8*f + 4*f = -421. What is the highest common divisor of 68 and c?
17
Suppose 3*u + 348 = 972. What is the highest common divisor of 78 and u?
26
Let p be 1 + (4 - 3) - 2. Let d(i) = 2*i + 36. Let n be d(p). Calculate the greatest common factor of 36 and n.
36
Let p be (180/(-216))/(2/(-36)) + -6. What is the highest common divisor of 153 and p?
9
Let o = 373 - 358. What is the greatest common factor of o and 465?
15
Suppose 0 = -3*z - 3*s + 33, -5*z + 53 = -4*s - 11. What is the greatest common factor of 3 and z?
3
Let z be (-3)/6*23*-2. Let n be 3 - 2*4/8. Suppose -s - n*s = -621. Calculate the highest common divisor of s and z.
23
Suppose 4*r = -r + s + 63, -5*r + 5*s = -75. Let x be (-6)/(-1) - (-30)/(-10). Suppose -x*z + 528 = z. What is the highest common factor of z and r?
12
Suppose -2*h - 2*a + 14 = 0, 0*a - 3*a - 1 = h. Let p = 21 + 138. Suppose 39 = 6*o - p. What is the highest common divisor of o and h?
11
Let i be (-3410)/(-385) - (-12)/(-14). What is the highest common divisor of i and 94?
2
Suppose -5*w = -5*a - 255, a - 48 = -w + 13. Calculate the greatest common divisor of 7 and w.
7
Let j = 152 - -73. Calculate the greatest common divisor of j and 45.
45
Let a = -2 + 6. Suppose a*u + 21 = 53. Let b(x) = -5*x + 152. Let f be b(30). What is the greatest common divisor of f and u?
2
Suppose o = -0*o + 3*q + 5, -2*o = -q - 10. Suppose 4*l + 13 = -6*v + o*v, l = 3*v. Let j be (-2)/4*(-3 - v). What is the greatest common factor of j and 7?
1
Let r(u) = -8*u + 7. Let g be r(-6). Suppose 12 = t + 7. Calculate the greatest common factor of g and t.
5
Let x = 395 + 243. What is the highest common factor of x and 77?
11
Let n = -1534 - -1540. Calculate the highest common factor of 438 and n.
6
Let d(u) = -23*u**3 - 4*u**2 - 24*u - 9. Let s be d(-4). What is the greatest common factor of 115 and s?
115
Let g(k) = k**2 + 5*k + 2. Let d be g(-4). Suppose 0 = i + x - 1, 1 = 2*x + 5. Let y = i + d. Calculate the highest common divisor of y and 11.
1
Let j be 1 + 1 + -1 + -1. Suppose j*i + 8 = 2*i. Let h(m) = 2*m**2 + 10*m + 8. Let q be h(-6). What is the highest common factor of i and q?
4
Suppose -796 + 263 = -13*c. Calculate the highest common factor of c and 2419.
41
Suppose -a = 4*y + 5, -3*a = -4*a - 1. Let d be ((-27)/36)/(y/(-8)). Let c = d + 7. What is the greatest common divisor of 5 and c?
1
Suppose 0 = y + 4*c - 23, -4*y + 53 = 3*c - 0. Let x = y + -7. Let h be 12/2*x/6. Calculate the greatest common divisor of 44 and h.
4
Let g be (12/10)/((-3)/10). Let j(t) = -5*t - 8. Let b be j(g). Calculate the greatest common divisor of b and 24.
12
Let n be 1/(-5) + 5859/(-180)*-4. What is the highest common divisor of n and 10?
10
Let y(r) = 9*r - 42. Let g be y(16). Suppose 2 = 2*h, 3*t + 2*h - g = -t. Calculate the greatest common divisor of t and 200.
25
Suppose -47*t - 18 = -50*t. Suppose -q + 43 = 1. Calculate the highest common divisor of q and t.
6
Let i(o) = 8*o + 2. Let l be i(2). Let u be (-11)/(((-9)/3)/(-3)). Let z = l + u. What is the highest common divisor of z and 77?
7
Let a(r) = 23*r - 12*r - 25*r - 48. Let c be a(-6). Calculate the highest common factor of 18 and c.
18
Let f = 10 - 1. Let i(c) = -25 + 5*c - 3*c + 6*c - c. Let u be i(10). Calculate the highest common factor of u and f.
9
Let b = -296 + 306. Let t = -11 - -21. What is the greatest common divisor of b and t?
10
Let z(w) = -w**3 - 7*w**2 - 6*w + 5. Let a be z(-6). Suppose 2 = -9*o + 20. Suppose 0 = -o*g + 2 + 68. Calculate the greatest common factor of a and g.
5
Let i = -12 - -52. Let f = -308 - -468. What is the highest common divisor of f and i?
40
Let s be (2 - -37) + (-6 - -3). Suppose -2*u - u = -s. Suppose 4*d = -u, 5*d + 0*d + 37 = 2*r. What is the highest common factor of 22 and r?
11
Let u(m) = -m. Let s(b) = -b + 10. Let a(x) = -s(x) + 5*u(x). Let f be a(-3). Calculate the greatest common factor of 16 and f.
2
Let a = 11 + -7. Let b(i) be the first derivative of i**2/2 + 91. Let d be b(a). What is the greatest common factor of d and 4?
4
Suppose 4*x + 5*g = 9*x, -g = -1. Let i(m) = m**3 - 11*m**2 - 10*m - 13. Suppose k = 6 + 6. Let a be i(k). What is the greatest common factor of x and a?
1
Suppose -27 = 19*o - 22*o. Calculate the highest common divisor of 9 and o.
9
Let x be -6 + (3 + 135 - 0). Let d = 18 - 13. Suppose b = d*b - x. What is the highest common factor of b and 3?
3
Let b = -611 + 1731. Calculate the highest common factor of 70 and b.
70
Let h be 0 + 3 + 2 + -5. Let f = 4